{"id":52,"date":"2015-07-26T16:55:37","date_gmt":"2013-02-06T15:02:09","guid":{"rendered":"http:\/\/www.istium.pro\/web\/?page_id=52"},"modified":"2020-09-06T19:31:15","modified_gmt":"2020-09-06T17:31:15","slug":"mentions-legales","status":"publish","type":"page","link":"https:\/\/www.istium.pro\/web\/accueil\/mentions-legales\/","title":{"rendered":"Mentions L\u00e9gales"},"content":{"rendered":"<h3><span style=\"color: #ff6600;\">Propri\u00e9taire et \u00e9diteur du site www.istium.pro<\/span><\/h3>\n<p><b>Soci\u00e9t\u00e9<\/b>\u00a0: <strong><span style=\"color: #ff6600;\">ISTIUM SAS<\/span><\/strong> (Soci\u00e9t\u00e9 par Actions Simplifi\u00e9e)<br \/>\n<span style=\"font-size: 13px; line-height: 19px;\"><strong>Capital :<\/strong> 5000 \u20ac<br \/>\n<\/span><em id=\"__mceDel\" style=\"font-size: 13px; line-height: 19px;\"><b>Nom commercial<\/b>\u00a0: ISTIUM<br \/>\n<em id=\"__mceDel\" style=\"font-size: 13px; line-height: 19px;\"><b>SIREN<\/b>\u00a0: RCS SALON B 789 122 439<br \/>\n<em id=\"__mceDel\" style=\"font-size: 13px; line-height: 19px;\"><b>N\u00b0 de TVA intracommunautaire<\/b>\u00a0: FR73 789122439<br \/>\n<em id=\"__mceDel\" style=\"font-size: 13px; line-height: 19px;\"><b>Code APE<\/b> : 8299Z &#8211; Autres activit\u00e9s aux Entreprises<br \/>\n<em id=\"__mceDel\" style=\"font-size: 13px; line-height: 19px;\"><b>Dirigeant<\/b> et Responsable de publication : Robert FARGIER<\/em><\/em><\/em><\/em><\/em><\/p>\n<p><b>Adresse de correspondance<\/b>\u00a0:<br \/>\n29 all\u00e9e du Puisard &#8211;\u00a0Les Pinchinades &#8211;\u00a013127 VITROLLES &#8211; FRANCE<\/p>\n<p><b>Messagerie \u00e9lectronique<\/b>\u00a0: infos@istium.pro<\/p>\n<h3><span style=\"color: #ff6600;\">H\u00e9bergement du site<\/span><\/h3>\n<div class=\"quickMapsInfoWindowWrapper\">SARL OVH<br \/>\nAdresse : 140, quai du Sartel &#8211; 59100 ROUBAIX| FRANCE<\/div>\n<p>Tel : 0 899 701 761 &#8211; Fax : 03 20 20 09 58<br \/>\nMail :support@ovh.com<br \/>\nSite : www.ovh.com<\/p>\n<h3><span style=\"color: #ff6600;\">Propri\u00e9t\u00e9 intellectuelle<\/span><\/h3>\n<p>Toute utilisation, reproduction, diffusion, commercialisation, modification de toute ou partie du site, sans l\u2019autorisation d&rsquo;ISTIUM est prohib\u00e9e et pourra entra\u00eener des actions et poursuites judiciaires telles que notamment pr\u00e9vues par le code de la propri\u00e9t\u00e9 intellectuelle et\/ou le code civil.<\/p>\n<p>La reproduction des documents du &lsquo;site&rsquo; autoris\u00e9e est celle effectu\u00e9e exclusivement aux fins d\u2019information pour un usage personnel et priv\u00e9 ; toute reproduction ou toute utilisation de copies r\u00e9alis\u00e9es \u00e0 d\u2019autres fins est express\u00e9ment interdite sans l&rsquo;accord \u00e9crit d&rsquo;ISTIUM.<\/p>\n<h3><span style=\"color: #ff6600;\">Acc\u00e8s au site Internet<\/span><\/h3>\n<p>L&rsquo;acc\u00e8s aux sites www.istium.pro et tous leurs sous-domaines est possible 24 heures sur 24, 7 jours sur 7, sauf en cas de force majeure ou d&rsquo;un \u00e9v\u00e9nement hors du contr\u00f4le de l&rsquo;entreprise, sous r\u00e9serve des \u00e9ventuelles pannes et interventions de maintenance n\u00e9cessaires au bon fonctionnement du site.<\/p>\n","protected":false},"excerpt":{"rendered":"<p>Propri\u00e9taire et \u00e9diteur du site www.istium.pro Soci\u00e9t\u00e9\u00a0: ISTIUM SAS (Soci\u00e9t\u00e9 par Actions Simplifi\u00e9e) Capital : 5000 \u20ac Nom commercial\u00a0: ISTIUM SIREN\u00a0: RCS SALON B 789 122 439 N\u00b0 de TVA intracommunautaire\u00a0: FR73 789122439 Code APE : 8299Z &#8211; Autres activit\u00e9s aux Entreprises Dirigeant et Responsable de publication : Robert FARGIER Adresse de correspondance\u00a0: 29 all\u00e9e [&hellip;]<\/p>\n","protected":false},"author":1,"featured_media":0,"parent":15,"menu_order":99,"comment_status":"closed","ping_status":"closed","template":"","meta":{"_et_pb_use_builder":"","_et_pb_old_content":"","_et_gb_content_width":"","footnotes":""},"class_list":["post-52","page","type-page","status-publish","hentry"],"aioseo_notices":[],"_links":{"self":[{"href":"https:\/\/www.istium.pro\/web\/wp-json\/wp\/v2\/pages\/52","targetHints":{"allow":["GET"]}}],"collection":[{"href":"https:\/\/www.istium.pro\/web\/wp-json\/wp\/v2\/pages"}],"about":[{"href":"https:\/\/www.istium.pro\/web\/wp-json\/wp\/v2\/types\/page"}],"author":[{"embeddable":true,"href":"https:\/\/www.istium.pro\/web\/wp-json\/wp\/v2\/users\/1"}],"replies":[{"embeddable":true,"href":"https:\/\/www.istium.pro\/web\/wp-json\/wp\/v2\/comments?post=52"}],"version-history":[{"count":8,"href":"https:\/\/www.istium.pro\/web\/wp-json\/wp\/v2\/pages\/52\/revisions"}],"predecessor-version":[{"id":2778,"href":"https:\/\/www.istium.pro\/web\/wp-json\/wp\/v2\/pages\/52\/revisions\/2778"}],"up":[{"embeddable":true,"href":"https:\/\/www.istium.pro\/web\/wp-json\/wp\/v2\/pages\/15"}],"wp:attachment":[{"href":"https:\/\/www.istium.pro\/web\/wp-json\/wp\/v2\/media?parent=52"}],"curies":[{"name":"wp","href":"https:\/\/api.w.org\/{rel}","templated":true}]}}